{"id":18,"date":"2010-08-11T21:45:30","date_gmt":"2010-08-11T21:45:30","guid":{"rendered":"http:\/\/fewo-adler.de\/?page_id=18"},"modified":"2010-08-11T22:45:57","modified_gmt":"2010-08-11T22:45:57","slug":"die-wohnung","status":"publish","type":"page","link":"https:\/\/fewo-adler.de\/?page_id=18","title":{"rendered":"Die Wohnung"},"content":{"rendered":"<p>Unsere Ferienwohnung verf\u00fcgt \u00fcber <a title=\"Link zum Wohnzimmer\" href=\"https:\/\/fewo-adler.de\/?page_id=29\" target=\"_self\">Wohnzimmer<\/a>, <a title=\"Link zum schlafzimmer\" href=\"https:\/\/fewo-adler.de\/?page_id=31\" target=\"_self\">Schlafzimmer<\/a>, <a title=\"Link zur K\u00fcche\" href=\"https:\/\/fewo-adler.de\/?page_id=35\" target=\"_self\">K\u00fcche<\/a>, <a title=\"Link zum Badezimmer\" href=\"https:\/\/fewo-adler.de\/?page_id=33\" target=\"_self\">Bad<\/a>, <a title=\"Link zum Flur\" href=\"https:\/\/fewo-adler.de\/?page_id=37\" target=\"_self\">Flur <\/a>und <a title=\"Link zum Balkon\" href=\"https:\/\/fewo-adler.de\/?page_id=41\" target=\"_self\">Balkon<\/a>.<\/p>\n<p>Die Wohnung ist im ersten Obergeschoss gelegen, daher leider f\u00fcr gehbehinderte Leute, bzw. Rollstuhlfahrer nicht geeignet.Wir bitten um Ihr Verst\u00e4ndnis, das die Wohnung im Interesse der Mieter eine Nichtraucherwohnung ist. Es besteht jedoch die M\u00f6glichkeit, seinem Laster auf dem Balkon oder im Garten zu fr\u00f6nen.<\/p>\n<p>Durch die Aufteilung der Wohnung ist diese ideal f\u00fcr 1-2 Personen geeignet. Eine Aufbettung ist aber nach vorheriger Absprache auch m\u00f6glich.<\/p>\n<p>Damit Sie sich eine bessere Vorstellung von der Wohnung machen k\u00f6nnen, hier der Grundriss dazu:<\/p>\n<div id=\"attachment_51\" style=\"width: 213px\" class=\"wp-caption aligncenter\"><a href=\"https:\/\/fewo-adler.de\/wp-content\/uploads\/Grundriss_web.jpg\" rel=\"lightbox[18]\" title=\"Der Grundriss der Ferienwohnung\"><img loading=\"lazy\" decoding=\"async\" aria-describedby=\"caption-attachment-51\" class=\"size-medium wp-image-51 \" title=\"Der Grundriss der Ferienwohnung\" src=\"https:\/\/fewo-adler.de\/wp-content\/uploads\/Grundriss_web-203x300.jpg\" alt=\"Der Grundriss der Ferienwohnung\" width=\"203\" height=\"300\" srcset=\"https:\/\/fewo-adler.de\/wp-content\/uploads\/Grundriss_web-203x300.jpg 203w, https:\/\/fewo-adler.de\/wp-content\/uploads\/Grundriss_web.jpg 406w\" sizes=\"auto, (max-width: 203px) 100vw, 203px\" \/><\/a><p id=\"caption-attachment-51\" class=\"wp-caption-text\">Der Grundriss der Ferienwohnung<\/p><\/div>\n<p>Genauere Informationen zu den einzelnen Zimmern finden Sie auf den entsprechenden Unterseiten im Men\u00fc oder beim Klick auf das gew\u00fcnschte Zimmer. Die Fotos k\u00f6nnen durch anklicken noch vergr\u00f6\u00dfert werden.<\/p>\n<p>Bei eventuell auftretenden Fragen nutzen Sie bitte unser Kontaktformular.<\/p>\n","protected":false},"excerpt":{"rendered":"<p>Unsere Ferienwohnung verf\u00fcgt \u00fcber Wohnzimmer, Schlafzimmer, K\u00fcche, Bad, Flur und Balkon. Die Wohnung ist im ersten Obergeschoss gelegen, daher leider f\u00fcr gehbehinderte Leute, bzw. Rollstuhlfahrer nicht geeignet.Wir bitten um Ihr Verst\u00e4ndnis, das die Wohnung im Interesse der Mieter eine Nichtraucherwohnung ist. Es besteht jedoch die M\u00f6glichkeit, seinem Laster auf dem Balkon oder im Garten zu [&hellip;]<\/p>\n","protected":false},"author":2,"featured_media":0,"parent":0,"menu_order":2,"comment_status":"closed","ping_status":"closed","template":"","meta":{"footnotes":""},"class_list":["post-18","page","type-page","status-publish","hentry"],"_links":{"self":[{"href":"https:\/\/fewo-adler.de\/index.php?rest_route=\/wp\/v2\/pages\/18","targetHints":{"allow":["GET"]}}],"collection":[{"href":"https:\/\/fewo-adler.de\/index.php?rest_route=\/wp\/v2\/pages"}],"about":[{"href":"https:\/\/fewo-adler.de\/index.php?rest_route=\/wp\/v2\/types\/page"}],"author":[{"embeddable":true,"href":"https:\/\/fewo-adler.de\/index.php?rest_route=\/wp\/v2\/users\/2"}],"replies":[{"embeddable":true,"href":"https:\/\/fewo-adler.de\/index.php?rest_route=%2Fwp%2Fv2%2Fcomments&post=18"}],"version-history":[{"count":6,"href":"https:\/\/fewo-adler.de\/index.php?rest_route=\/wp\/v2\/pages\/18\/revisions"}],"predecessor-version":[{"id":66,"href":"https:\/\/fewo-adler.de\/index.php?rest_route=\/wp\/v2\/pages\/18\/revisions\/66"}],"wp:attachment":[{"href":"https:\/\/fewo-adler.de\/index.php?rest_route=%2Fwp%2Fv2%2Fmedia&parent=18"}],"curies":[{"name":"wp","href":"https:\/\/api.w.org\/{rel}","templated":true}]}}