{"id":33,"date":"2010-08-11T22:08:44","date_gmt":"2010-08-11T22:08:44","guid":{"rendered":"http:\/\/fewo-adler.de\/?page_id=33"},"modified":"2010-08-11T23:36:06","modified_gmt":"2010-08-11T23:36:06","slug":"badezimmer","status":"publish","type":"page","link":"https:\/\/fewo-adler.de\/?page_id=33","title":{"rendered":"Badezimmer"},"content":{"rendered":"<p>In dem 18 m\u00b2 gro\u00dfen Badezimmer verlieren unsere G\u00e4ste immer mal wieder die Zeit. Ausgestattet mit einer Dusche, einer Wanne, einem LCD-TV und einem Kamin h\u00e4lt man es hier gerne auch ein paar Minuten l\u00e4nger aus.<\/p>\n<p>Hier ein kleiner Vorgeschmack:<\/p>\n\n\t\t<style type=\"text\/css\">\n\t\t\t#gallery-1 {\n\t\t\t\tmargin: auto;\n\t\t\t}\n\t\t\t#gallery-1 .gallery-item {\n\t\t\t\tfloat: left;\n\t\t\t\tmargin-top: 10px;\n\t\t\t\ttext-align: center;\n\t\t\t\twidth: 25%;\n\t\t\t}\n\t\t\t#gallery-1 img {\n\t\t\t\tborder: 2px solid #cfcfcf;\n\t\t\t}\n\t\t\t#gallery-1 .gallery-caption {\n\t\t\t\tmargin-left: 0;\n\t\t\t}\n\t\t\t\/* see gallery_shortcode() in wp-includes\/media.php *\/\n\t\t<\/style>\n\t\t<div id='gallery-1' class='gallery galleryid-33 gallery-columns-4 gallery-size-thumbnail'><dl class='gallery-item'>\n\t\t\t<dt class='gallery-icon landscape'>\n\t\t\t\t<a href='https:\/\/fewo-adler.de\/wp-content\/uploads\/Bad_1.jpg' rel=\"lightbox[33]\"><img loading=\"lazy\" decoding=\"async\" width=\"150\" height=\"150\" src=\"https:\/\/fewo-adler.de\/wp-content\/uploads\/Bad_1-150x150.jpg\" class=\"attachment-thumbnail size-thumbnail\" alt=\"Kaminecke\" aria-describedby=\"gallery-1-44\" \/><\/a>\n\t\t\t<\/dt>\n\t\t\t\t<dd class='wp-caption-text gallery-caption' id='gallery-1-44'>\n\t\t\t\tKaminecke\n\t\t\t\t<\/dd><\/dl><dl class='gallery-item'>\n\t\t\t<dt class='gallery-icon landscape'>\n\t\t\t\t<a href='https:\/\/fewo-adler.de\/wp-content\/uploads\/Bad_2.jpg' rel=\"lightbox[33]\"><img loading=\"lazy\" decoding=\"async\" width=\"150\" height=\"150\" src=\"https:\/\/fewo-adler.de\/wp-content\/uploads\/Bad_2-150x150.jpg\" class=\"attachment-thumbnail size-thumbnail\" alt=\"Blick zum Waschtisch\" aria-describedby=\"gallery-1-45\" \/><\/a>\n\t\t\t<\/dt>\n\t\t\t\t<dd class='wp-caption-text gallery-caption' id='gallery-1-45'>\n\t\t\t\tBlick zum Waschtisch\n\t\t\t\t<\/dd><\/dl><dl class='gallery-item'>\n\t\t\t<dt class='gallery-icon landscape'>\n\t\t\t\t<a href='https:\/\/fewo-adler.de\/wp-content\/uploads\/Bad_3.jpg' rel=\"lightbox[33]\"><img loading=\"lazy\" decoding=\"async\" width=\"150\" height=\"150\" src=\"https:\/\/fewo-adler.de\/wp-content\/uploads\/Bad_3-150x150.jpg\" class=\"attachment-thumbnail size-thumbnail\" alt=\"Die Wanne\" aria-describedby=\"gallery-1-46\" \/><\/a>\n\t\t\t<\/dt>\n\t\t\t\t<dd class='wp-caption-text gallery-caption' id='gallery-1-46'>\n\t\t\t\tDie Wanne\n\t\t\t\t<\/dd><\/dl><dl class='gallery-item'>\n\t\t\t<dt class='gallery-icon landscape'>\n\t\t\t\t<a href='https:\/\/fewo-adler.de\/wp-content\/uploads\/Bad_4.jpg' rel=\"lightbox[33]\"><img loading=\"lazy\" decoding=\"async\" width=\"150\" height=\"150\" src=\"https:\/\/fewo-adler.de\/wp-content\/uploads\/Bad_4-150x150.jpg\" class=\"attachment-thumbnail size-thumbnail\" alt=\"Wanne mit Kamin &amp; TV\" aria-describedby=\"gallery-1-47\" \/><\/a>\n\t\t\t<\/dt>\n\t\t\t\t<dd class='wp-caption-text gallery-caption' id='gallery-1-47'>\n\t\t\t\tWanne mit Kamin &#038; TV\n\t\t\t\t<\/dd><\/dl><br style=\"clear: both\" \/>\n\t\t<\/div>\n\n","protected":false},"excerpt":{"rendered":"<p>In dem 18 m\u00b2 gro\u00dfen Badezimmer verlieren unsere G\u00e4ste immer mal wieder die Zeit. Ausgestattet mit einer Dusche, einer Wanne, einem LCD-TV und einem Kamin h\u00e4lt man es hier gerne auch ein paar Minuten l\u00e4nger aus. Hier ein kleiner Vorgeschmack:<\/p>\n","protected":false},"author":2,"featured_media":0,"parent":18,"menu_order":2,"comment_status":"closed","ping_status":"closed","template":"","meta":{"footnotes":""},"class_list":["post-33","page","type-page","status-publish","hentry"],"_links":{"self":[{"href":"https:\/\/fewo-adler.de\/index.php?rest_route=\/wp\/v2\/pages\/33","targetHints":{"allow":["GET"]}}],"collection":[{"href":"https:\/\/fewo-adler.de\/index.php?rest_route=\/wp\/v2\/pages"}],"about":[{"href":"https:\/\/fewo-adler.de\/index.php?rest_route=\/wp\/v2\/types\/page"}],"author":[{"embeddable":true,"href":"https:\/\/fewo-adler.de\/index.php?rest_route=\/wp\/v2\/users\/2"}],"replies":[{"embeddable":true,"href":"https:\/\/fewo-adler.de\/index.php?rest_route=%2Fwp%2Fv2%2Fcomments&post=33"}],"version-history":[{"count":3,"href":"https:\/\/fewo-adler.de\/index.php?rest_route=\/wp\/v2\/pages\/33\/revisions"}],"predecessor-version":[{"id":87,"href":"https:\/\/fewo-adler.de\/index.php?rest_route=\/wp\/v2\/pages\/33\/revisions\/87"}],"up":[{"embeddable":true,"href":"https:\/\/fewo-adler.de\/index.php?rest_route=\/wp\/v2\/pages\/18"}],"wp:attachment":[{"href":"https:\/\/fewo-adler.de\/index.php?rest_route=%2Fwp%2Fv2%2Fmedia&parent=33"}],"curies":[{"name":"wp","href":"https:\/\/api.w.org\/{rel}","templated":true}]}}